 Give i(-2).
3
Let u(o) = -o**3 + 5*o**2 + 7*o - 8. Let w be u(6). Let l(p) = 2*p - 2. Determine l(w).
-6
Let f(l) = l + 11. Let n be f(-9). Let k(j) = -n*j + j - 6*j + 0*j - j**2. What is k(-5)?
10
Let s(k) = -k**2 + 89 - 89 - k. Let m(t) = t**2 + 2. Let r(z) = -m(z) - 2*s(z). Calculate r(-3).
1
Suppose n - 3 = -0. Suppose -3*x + 3*m = -9 - 3, -m = n*x. Let o be (1 - x)/((-8)/4). Let r(j) = j. Give r(o).
0
Let d = 17 + -16. Let k(b) = -2*b**2 - 1. What is k(d)?
-3
Let j(i) = i + 3. Let h(z) = -2*z - 7. Let m(b) = 2*h(b) + 5*j(b). Let f be -1 - -2 - 3/(-1). Suppose -6*r + 2*r + 2*p = 0, f*r + p = 0. Give m(r).
1
Let p = 1 + 2. Let k(s) = 3*s**3 - s**p + s**3 - s + 0*s. Determine k(-1).
-2
Let q(k) = -k**2 - 12*k + 31. Let n be q(-14). Let c(s) = s**3 - s**2 - 3. Determine c(n).
15
Let q(f) = -f + 1. Let g(x) = -3*x + 3. Let i(a) = 3*g(a) - 8*q(a). Let n = 7 - 2. Suppose 10*y = n*y + 30. What is i(y)?
-5
Let h(d) be the third derivative of d**5/60 + d**4/24 + 5*d**3/3 - 5*d**2. Calculate h(0).
10
Let z(w) = -w - 2. Let q = 31 + 8. Let d be (-4)/(-14) - (-356)/28. Let g be (-150)/q + (-2)/d. What is z(g)?
2
Let l(n) be the second derivative of n**3/6 - n**2/2 - 12*n. Determine l(2).
1
Let r be (-32)/(-10) - 2/10. Let m = 4 + r. Let y(b) = -4*b**2 - 14*b + 22. Let t(s) = -3*s**2 - 9*s + 15. Let a(o) = m*t(o) - 5*y(o). What is a(4)?
7
Let k(m) = m + 5. Let d be k(-5). Suppose 4*y + d - 4 = -2*n, 3*y - 5*n = 29. Let s(l) = -l. Let b(f) = f. Let h(v) = -2*b(v) - s(v). What is h(y)?
-3
Suppose -15 = -3*b + 3. Suppose a = 3*t - 2, 5*t - b = -a - 16. Let n(x) = -2*x**3 + 1. Determine n(t).
3
Let a(x) = -x**2. Suppose 2*f + 24 = 5*r, 10 = f - 3*f - 2*r. Let b(u) = -u**3 - 8*u**2 - 6*u + 7. Let q be b(f). Let m = q + 0. Give a(m).
0
Let v(q) = -q - 3. Suppose 0 = 4*m - w - 25, -6*m - w = -m - 29. Let p be (4/m)/((-5)/15). Determine v(p).
-1
Suppose 0*n = -2*n. Let y(s) = -s + 1. Let h be y(-6). Let o(c) = 11 + h - 16 + c. Calculate o(n).
2
Suppose -12 - 13 = -5*r. Let p(y) = 2*y - y**2 + 8 + 2*y - r*y. What is p(0)?
8
Let l(w) = -2*w + 3 - 2 - 2*w. Let i = -124 + 122. What is l(i)?
9
Let d(u) = -1. Let i(y) be the second derivative of -y**3/3 + 3*y**2/2 - y. Let k(j) = 3*d(j) + i(j). What is k(-2)?
4
Let k(z) be the first derivative of -z**2 + 3*z - 2. Let y be -8*1*(-1)/(-2). Let l be (-3)/y - 5/(-4). Calculate k(l).
-1
Suppose -5*y + c = -13, -c = 3*y - 12 + 1. Suppose y = 3*h + 15. Let l(u) = u + 5. What is l(h)?
1
Let l = -15 - -15. Let s(t) be the third derivative of 1/3*t**3 + 0*t - 1/24*t**4 + l - 1/20*t**5 - 1/120*t**6 + 2*t**2. Determine s(-2).
0
Let v(c) = c + 2. Let l be v(0). Let y be 3 - l*(-2)/4. Let n(q) = -2*q + y*q - 4*q. Give n(-1).
2
Let y(b) = 2*b**3 + 2*b**2 + 2*b + 1. Let u be y(-1). Let w be 6 - (-2 + -1 - -1). Let s(f) = -10*f**2 + w*f**2 + 1 - 4*f**3 - 3*f**3. Give s(u).
6
Let q(d) = 4*d**3 - d**2 + 12*d - 7. Let w(v) = -3 - 1 + 3*v**3 - 3 + 11*v. Let g(m) = -4*q(m) + 5*w(m). Give g(5).
3
Let j(a) = -a - 3. Suppose 0*y + y + 10 = 0. Let m be 2 + -2*y/(-4). Calculate j(m).
0
Suppose -10 - 5 = -5*n. Let w(b) be the first derivative of 2/3*b**3 - 2 - b - 3/2*b**2. Give w(n).
8
Suppose -u - 6 = o, -2*o + o = -5*u + 6. Let f(q) = q**3 - 6*q**2 - 6. Let h be f(6). Let x be (-8)/h*o/(-4). Let k(p) = 4*p - 2. Calculate k(x).
6
Let z be 4/6 + (-40)/(-12). Let t(r) be the first derivative of -r**2/2 + 4*r + 5. Give t(z).
0
Let p(o) = -4*o**2 + 4*o - 2. Let t(x) = 5*x**2 - 3*x + 1. Let l(i) = -4*p(i) - 3*t(i). Calculate l(6).
-1
Suppose -17 = 8*v + 15. Let l(z) = 3*z**2 + 4*z - 5. What is l(v)?
27
Suppose -7 = -4*v + 9. Suppose -h = -2*p - 7, -5*p = -4*h + 12 + v. Let w(x) = -5*x**2 - 1. Give w(h).
-6
Let b(v) = v**2 + 7*v + 10. Let r be b(-5). Let p(f) = f**3 + f + 5. Determine p(r).
5
Let m(w) = 3*w - 23. Let p(g) = 5*g - 34. Let r(z) = 7*m(z) - 5*p(z). What is r(6)?
-15
Let q(g) = -2*g**2 + 2*g + 2. Let i(o) = -o**2 + o + 1. Let a(u) = 13*i(u) - 6*q(u). Suppose 4 = d - 0*d. Suppose 4*t - d = 2*t. What is a(t)?
-1
Let d(h) = 2*h - 4. Let i be d(4). Let r(n) = -3 - 2*n**2 - n**2 + 4*n**2 - 2*n. Calculate r(i).
5
Let c(d) be the first derivative of 0*d + 1/2*d**2 + 3. What is c(5)?
5
Let w(v) be the first derivative of 2*v**3/3 - 24. Suppose 0*x = -x - 4. Let f = x - -6. Calculate w(f).
8
Let p(i) = 3*i**3 - i**3 - 4*i**2 - 4 - i**3 + 7. Let v(f) = f**3 - 7*f**2 + 8*f - 9. Let h be v(6). Determine p(h).
-6
Let l(h) = 2*h - 1. Suppose s + 11 = -4*t, -5*t - 6*s - 22 = -2*s. What is l(t)?
-5
Let r be (3*2/6)/1. Let z(t) = -11*t + 1. Determine z(r).
-10
Let v(y) = -y**2 - 7*y. Let l = -9 + 13. Let h(p) = -p**2 - 7*p - 1. Let i(r) = l*v(r) - 5*h(r). What is i(-5)?
-5
Let f(k) = k**2 - k. Let i(x) = -4*x - x**3 + 2*x**3 - x**2 + 7 - 3*x - 3*x**2. Let h be i(5). Determine f(h).
12
Let d(j) = -12 - j + 25 - 7 + 3. Let x(t) = -2*t**3 - 2*t**2 + 2*t + 1. Let y be x(-2). Determine d(y).
4
Let d(c) = c**2 + 7*c - 2. Let b be d(-6). Let t = -13 - b. Let f(s) = -2*s - 7. What is f(t)?
3
Let p(f) = 2*f**2 - 11*f - 3. Let b be p(6). Suppose b*y - 1 - 8 = 0. Let t(i) = -i**3 + 2*i**2 + 3*i + 3. Calculate t(y).
3
Let b(t) = -5*t - 5. Let u(y) = 6*y + 6. Let v(g) = 3*b(g) + 2*u(g). Give v(3).
-12
Let d(y) = y - 2. Let p be (-7)/(-2) - 4/8. Let c be d(p). Let m be (-3 - -3)/1 - c. Let o(q) = -q - 1. Give o(m).
0
Let m(w) = -w + 7. Let g(a) = a**3 - 3*a**2 - 3*a + 2. Let k be g(4). Determine m(k).
1
Let o(y) = 3*y**2 + 6*y + 4. Let d(k) = 15*k**2 + 31*k + 21. Let p(j) = 2*d(j) - 11*o(j). Let h(f) = 1 + f**2 - 4 + 7*f + 1. Let s be h(-7). What is p(s)?
-6
Let f(c) be the second derivative of -c**8/6720 - c**7/840 + c**5/40 + c**4/4 + c. Let u(l) be the third derivative of f(l). Calculate u(-3).
3
Let s(t) = -t**3 - 6*t**2 + t + 3. Suppose f + 3 + 3 = 0. Give s(f).
-3
Let k(r) be the first derivative of -r**3/3 - 5*r**2/2 + 2*r + 24. Calculate k(-5).
2
Let o(d) = d**3 - 6*d**2 + 7*d - 7. Suppose -4*p - 2*t = t - 8, 5*p - 13 = -3*t. Calculate o(p).
3
Let r(y) = y**2 - 12*y + 3. Let b be r(12). Let i(c) = -4*c - 2. Determine i(b).
-14
Let m(j) = -j**3 - 10*j**2 - 9*j. Let y = 69 + -78. Determine m(y).
0
Let q(r) = r**2 - 6*r - 5. Suppose -37*m + 40*m = 18. Determine q(m).
-5
Let f(d) = -d**3 - 5*d**2 + 6*d + 8. Let k(z) = -z**3 + 6*z**2 + 2*z - 3. Let w be k(6). Suppose 2*n = -4*h - 12, 2*n + w = -5*h - 3. What is f(n)?
8
Let t(w) be the third derivative of -19*w**6/120 + 19*w**2. What is t(-1)?
19
Let c(g) be the third derivative of g**5/60 + g**4/8 - g**3/6 - 4*g**2. Give c(3).
17
Let b(l) = -l - 11. Let c(w) = -2*w - 23. Let r(o) = -9*b(o) + 4*c(o). Determine r(-5).
2
Let a(v) be the second derivative of 3*v**4/4 - v**3/6 - v**2/2 + 5*v. Determine a(-1).
9
Let u(x) be the first derivative of -1/3*x**3 - 5/2*x**2 - 1 + 3*x. What is u(-5)?
3
Let u(p) = 5*p**2 - 10. Let i(r) = -r**2 - r + 1. Let o(m) = 4*i(m) + u(m). Give o(6).
6
Let a(d) = d**3 + 9*d**2 - 9*d + 12. Let v be a(-10). Let f(w) = -7*w + 4*w + 3 + v*w. Calculate f(0).
3
Let h = -107 + 107. Let w(y) = -y**2 + 8. Determine w(h).
8
Let g(k) = 2*k - 3. Suppose -8*x - 12 = -3*x - 2*y, 0 = 2*x + 2*y + 16. Determine g(x).
-11
Let h be (-2)/(6/9 + -1). Let y = -5 + h. Let v(c) = -c - 1. Calculate v(y).
-2
Let q(d) = -3 + 2 - 1 + d + 1. Give q(4).
3
Suppose u = 2*u. Suppose u = 5*y - 15. Suppose -5*d + 2*d - 2*a = 22, y*d + 37 = -5*a. Let l(g) = -g + 3. Determine l(d).
7
Let u(f) = -1. Let x(d) = d**2 + 5*d. Let s(r) = 4*u(r) - x(r). Determine s(-3).
2
Let i be 3*(-2 - (3 + -3)). Let k(t) = t + 0*t - 2*t - 3. Calculate k(i).
3
Let g = 1 - -1. Let z(d) = -d**3 + d**2 - 2*d - 1. Let p be z(g). Let y be 3/p - 1/(-3). Let a(t) = -t**3 + 1. Calculate a(y).
1
Suppose -t - t = 0. Let d(a) = -8 - 8 + 11 - a. Give d(t).
-5
Let o(x) be the second derivative of -x**4/8 - x**3/2 + 3*x**2 - 9*x. Let z(d) be the first derivative of o(d). Give z(3).
-12
Let o(d) be the second derivative of 3/2*d**2 + 0 - 1/6*d**3 - 2*d. Let t = -7 + 10. Give o(t).
0
Suppose 3*p = 5*p - 74. Suppose i - 13 = t + t, -5*i + 3*t = -p. Suppose i*a = 3*a - 8, -4*c - 5*a = 40. Let n(u) = u**3 + 5*u**2 + u + 6. What is n(c)?
1
Let k(n) = -6*n**2 + 11*n + 12. Let v(z) = -z**2 + z + 1. Let t(b) = k(b) - 5*v(b). Determine t(7).
0
Suppose 58*p - 53*p